**2 - 5*q + 1. Let w be g(-4). Determine u(w).
-6
Let v(b) be the first derivative of 3*b**4/2 - 2*b**3/3 + b**2 - b - 13. What is v(1)?
5
Suppose -m = 2*g - 2 - 9, -g - 11 = -5*m. Let b(p) = -p + 4. Determine b(g).
0
Let z be (-17 - -13) + (2 - 2). Let g(d) = d**3 + 5*d**2 + 4*d + 2. Give g(z).
2
Suppose -1 = 2*w - 9. Let o be (-4)/8 + 6/w. Let x(h) = 6*h. Determine x(o).
6
Let v(p) = p**3 - p - 4*p**2 + 4 + 6*p - 2*p. Suppose 0*h - 5*h + 8 = a, 0 = -h + 1. Calculate v(a).
4
Let l(c) = -c**2 - 4*c + 5. Suppose -2*n = -0*n - u - 61, u + 33 = n. Let o be n/(-1*4) + 1. Give l(o).
-7
Let g(t) = 2*t**3 - t**2 - 2*t - 1. Let r = 75 - 73. Calculate g(r).
7
Suppose 2*x + 3*q - 7*q = 18, -6 = 2*x + 2*q. Suppose -3*i - 2*i + 10 = 0. Let l(c) = -x - 2*c**i + c**2 + 1 - 2. Calculate l(2).
-6
Let c(i) = i**2 - 8*i + 15. Let f be c(6). Let a(u) = -3*u. Give a(f).
-9
Let n = 0 + 0. Let s(w) = -3*w + 4*w + n*w. Give s(-3).
-3
Suppose 5 = -7*o + 2*o. Let h(q) = -q**3 + 5*q**2 + 6*q + 2. Let w be h(6). Let l(t) = 4*t - 4*t - t**w + t. Determine l(o).
-2
Let w(y) = -y**2 + 7*y - 9. Suppose 0 = h - 2, 18 = 5*v + 5*h - 27. Determine w(v).
-9
Let d(w) = w**3 - 2*w**2 + 2*w - 2. Let p = -6 + 8. What is d(p)?
2
Let z(h) = 2*h**3 - 5*h**2 + 0*h**2 - 6*h - 3 - h**3 - 3. Determine z(6).
-6
Suppose -3*i + 31 = 7. Let h be 1 - 3*i/(-6). Suppose -h*c = 2*j + 27, c + 12 = -c - 2*j. Let a(y) = -y - 5. Calculate a(c).
0
Let b(v) be the third derivative of -v**8/6720 - v**7/630 - v**6/240 - v**5/40 + v**4/4 + 7*v**2. Let u(h) be the second derivative of b(h). Calculate u(-3).
-3
Suppose 2*k - 25 = -5*y + k, k - 10 = -2*y. Let t(v) = v**2 - 3*v - 5. Determine t(y).
5
Let q(d) = -3 + 1 + 8*d + 12. Let j(s) = s**3 + 4*s**2 - 2*s - 2. Let o be j(-4). Let n(w) = 7*w + 9. Let h(l) = o*n(l) - 5*q(l). Calculate h(-3).
-2
Let z(y) = -y**2 + 3*y - 1. Let d(f) = f**2 + 13*f + 15. Suppose 3*s + 48 = 3*h, 2*h - 68 = 5*s - 0*h. Let u be d(s). What is z(u)?
-1
Let x(j) = j**2 - j - 4. Let o be x(3). Let k(s) be the second derivative of -s**5/20 + s**4/6 - s**2 - 3*s. Calculate k(o).
-2
Let q(n) = -n**2 + 5*n + 6. Suppose -7 - 5 = 3*p. Let h be (-90)/20*p/3. Determine q(h).
0
Suppose 3*z - 11 = 1. Suppose z*m = 5*w - 4*w - 15, 15 = -3*m + 2*w. Let v(h) = h**3 + 4*h**2 + 4*h + 1. Give v(m).
-2
Let g(h) = 1. Let r(f) = -f - 1. Let u(l) = 5*g(l) - r(l). Let s be u(-7). Let p be (-3)/((3/(-4))/s). Let y(a) = a**3 + 5*a**2 + 5*a - 2. Give y(p).
-6
Let l be -1 + (-1)/((-3)/9). Let c = -2 + l. Let y(i) = i**2 - i - 9. Give y(c).
-9
Suppose 2*j + 8 = 2*x - 0*j, 2*x + 4*j = 2. Let t(d) = -4*d + 0 - x + 4. Let f = -6 + 5. What is t(f)?
5
Let a(u) = -2*u - 1. Let v(i) = 18*i + 6. Let r(z) = 14*a(z) + 2*v(z). Let k(o) = -o**3 + 4*o**2 - 3*o + 2. Let l be k(3). Give r(l).
14
Suppose 19 = 3*x - 2*r - 5, -5*x + 59 = 3*r. Let h = -7 + x. Suppose -h*m = -m + 12. Let t(u) = -u**2 - 7*u - 8. Calculate t(m).
-2
Suppose -3*c + 5*c = -0*c. Let h(r) = -r + 1. Let b(m) = -2*m - 3. Let z(p) = b(p) - h(p). What is z(c)?
-4
Let m(q) = q**2 - 6*q. Let i(j) be the third derivative of -j**4/12 - j**3 - 2*j**2. Let y be i(-5). Give m(y).
-8
Let d(f) = -4*f**2 - 4*f - 2. Suppose 4*r + 6 = -3*b, 2*b + 4*r = 5*r - 4. Let k be b + 0 - (2 - 2). Calculate d(k).
-10
Let x(c) = 14*c - 5. Let d be x(2). Suppose -3*m + d = 5. Let k(w) = w**3 - 7*w**2 + 5*w + 7. Calculate k(m).
1
Let g(d) = 2*d**3 - d**2. Suppose m = 5*y - 9, -2*m + 4*y - 9 + 3 = 0. Give g(m).
1
Suppose -h + 3*h - 12 = 0. Let w(s) = -h*s + 7*s + 1 - 2*s. Give w(-5).
6
Let c(m) = -m**3 - 11*m**2 - 9*m + 14. Suppose -1 = 4*q + 39. Give c(q).
4
Let d(o) = -2*o**2 - 5*o + 1. Let l = -28 - -21. Let u be 26/l - (-10)/(-35). Calculate d(u).
-11
Let w(u) be the second derivative of u**3/2 + 7*u**2/2 - u. Let n be ((-7)/(-14))/((-4)/40). What is w(n)?
-8
Let g(b) be the second derivative of -b**3/6 + 5*b**2/2 + 6*b - 1. What is g(0)?
5
Let n(f) = 8 - f - 3*f + 2*f + 0*f. Give n(7).
-6
Let f(i) = 2*i**3 - 7*i**2 + 6*i + 2. Let w(r) = 17*r + 0*r**2 + 10*r**2 + 5*r**3 - 30*r**2 + 6. Let o(j) = 8*f(j) - 3*w(j). Determine o(-4).
10
Let i(g) be the third derivative of -g**4/24 - 5*g**3/6 - 13*g**2. What is i(-3)?
-2
Suppose 0*y - y = -5. Suppose y*d - 3 = 2. Let u(p) = 2*p + 3 + 0*p - p**2 - 4. What is u(d)?
0
Let d = -10 - -13. Let h(l) = -l**2 + 3*l + 3. Determine h(d).
3
Let z = 27 + -34. Let t(a) = -a**2 - 7*a + 6. Calculate t(z).
6
Let j(q) = 15*q - 19. Let y(i) = 7*i - 9. Let w(t) = 6*j(t) - 13*y(t). Let h = -6 - -9. Calculate w(h).
0
Let c(x) = x + 3. Let f be ((-1)/2)/((-5)/50). Suppose 9 + 6 = -f*u. Determine c(u).
0
Let q(d) = -5*d**3 - 8*d**2 - d - 21. Let f(m) = -m. Let l be f(-7). Let k(j) = 2*j**3 + 4*j**2 + j + 10. Let c(x) = l*k(x) + 3*q(x). What is c(5)?
2
Let u(s) = 8*s - 1 + s**2 + s**2 - s - 5*s. Determine u(1).
3
Suppose 0 = -0*o + 4*o. Let c(u) = -u**2 - 12. What is c(o)?
-12
Suppose -4*w + p + 24 = 0, 24 = -0*w + 4*w + 2*p. Suppose 2*f + 8 = -4*d, 0 = d - 3 + w. Let s(o) = o**2 - 3 + o**2 - 3*o**2 + 2*o. What is s(f)?
-3
Let j(l) = -l**2 + l + 1. Suppose -2*t = -16 + 4. Let d(y) = -7*y**2 + 9*y + 4. Let r(n) = t*j(n) - d(n). Calculate r(2).
0
Let p(q) = -6*q**2 - 2*q - 1. Suppose -n = -1, 2*g - 1 - 1 = -4*n. What is p(g)?
-5
Let f(r) be the first derivative of 2*r**3/3 - 3*r**2/2 - 3*r - 1. Let p be 0 + 0 - -5 - -1. Suppose -4*n = -2*n - p. Give f(n).
6
Let a(n) = 18*n**2 - 37*n**2 + 20*n**2 - n. Determine a(-3).
12
Let n(a) be the second derivative of -a**3/6 - a**2/2 + a. Let r(x) = -x**3 - 7*x**2 + 9*x + 8. Let z be 2*1/(-2) - 7. Let u be r(z). What is n(u)?
-1
Let t = 16 + -4. Suppose 6*u - u = 4*k - 6, -2*u - 2*k = -t. Let x(h) = -4*h + 4 - 1 + 2*h**u - 1. Determine x(2).
2
Let d(h) = 3*h**2 - 2*h - 2 - 4*h**2 + 0. Let i = 20 + -22. Give d(i).
-2
Let x(d) = -8*d - 6*d**2 - d + 5 + 3*d + 7*d**2. Let c = -6 + 10. Give x(c).
-3
Let m(h) = -2 - 4*h**2 + h**2 - 2*h - 4*h + h**2 + h**2. Let t be 13/(-5) + (-4)/10. What is m(t)?
7
Let a(h) = -2*h**2 - 4*h - 2. Suppose 5*o + 10 = -2*n, 2*o + 2*o + 8 = -n. Give a(o).
-2
Let m be 6*-1 - 0/3. Suppose 5*f + 54 = 11*f. Let z(g) = -f*g + 8*g - 6*g - g**2 - 6. Calculate z(m).
0
Let p(b) = -b - 4. Let j(f) = -f**3 + 9*f**2 + 7. Let t be j(9). Suppose 3*w - w + 11 = 3*z, -t = -3*z + 4*w. Suppose -z*u - 25 = -0*u. Determine p(u).
1
Let m be 747/24 + 4/(-32). Let d(v) = 2 + m*v**3 - 63*v**3 + 31*v**3 + v + v**2. Let q = 6 + -4. Determine d(q).
0
Let w be 6/5 - 2/10. Let y(o) = w - o - 1 + 4 + 2*o. Calculate y(-5).
-1
Let o(k) be the first derivative of 7*k**4/4 - k**2/2 + k + 12. Calculate o(1).
7
Let d(z) = 5*z**2 + 4*z + 21. Let k(h) = -h**2 - h - 4. Let b(c) = -2*d(c) - 11*k(c). Let w be b(-3). Let m(s) = -2*s + 3. What is m(w)?
-1
Let z(l) = -l + 3. Let r be z(4). Let v(b) = 19*b**3 - 2*b - 1. Calculate v(r).
-18
Let w be (20/6)/((-1)/3). Let h = w - -6. Let u(a) be the second derivative of -a**5/20 - a**4/3 - a**3/3 - 3*a**2/2 + 17*a. Give u(h).
5
Suppose 0 = c + u - 11, 10 - 2 = 3*c - 2*u. Let f(h) be the second derivative of -1/6*h**3 + 3*h - c*h**2 + 0. Determine f(-5).
-7
Let b(z) = 3*z**2 + 5*z - z + z**2 - z**3 - 1. Let u be (-95)/(-20) + (-1)/(-4). Determine b(u).
-6
Let t(u) = -4*u + 1 - u**2 + 2*u**2 + 0*u**2. Give t(5).
6
Let l = -43 + 48. Let u(f) = f**2 - 4*f - 1. Determine u(l).
4
Let b(o) = -o - 2*o + 6*o. Give b(2).
6
Let t = -4 + 5. Let z(g) = -t - 2 - 3*g - 1 + 2*g. Let h = 3 + -6. Calculate z(h).
-1
Let k(q) be the first derivative of q**3 - q**2/2 + 2*q - 41. Calculate k(-2).
16
Let d(b) = -7*b**2 + b. Suppose -10 = -4*f - 2. Suppose -f*q + 5*t = q + 3, 5 = -5*q - 3*t. Calculate d(q).
-8
Let x(k) = 5*k**2 - 1 + 5*k**2 + 0*k**2 - 3*k**2. Let p be x(-1). Let u(w) = -w**3 + 7*w**2 - 5*w - 7. What is u(p)?
-1
Let m(v) = 5*v**2 + 2*v + 1. Let j = -8 - -13. Let d = -6 + j. Calculate m(d).
4
Let o(p) = 0*p**2 + 0*p**2 + 5*p**2. What is o(-1)?
5
Let r(k) = -k**2 - 8*k + 8. Let m(j) = j**2 + 9*j - 9. Let z(t) = 3*m(t) + 4*r(t). Let n = -20 + 16. Determine z(n).
9
Let n(k) = k**2 + 9*k + 6. Let d be n(-5). Let h = 25 + d. Let s(v) = v**3 - 10*v**2 - 11*v - 2. Let q be s(h). Let p(j) = -j**3 - j**2 - 1. What is p(q)?
3
Let q(b) = -3 - 6*b**3 + 2*b**3 + 3*b**3. Let o be 3 + 2/(2/1). Let m(j) = j**2 - 3*j 